 factors of k?
7, 11
Let p(h) be the first derivative of h**3/3 - 3*h**2/2 + 14*h - 6. Suppose 0 = -5*c + 320 - 345. What are the prime factors of p(c)?
2, 3
Let d(h) = h**3 - 10*h**2 + 3*h - 14. Let o be d(10). Suppose -375 = -19*c + o*c. Suppose 2*f + c = 2*b - 59, -470 = -5*b - 5*f. List the prime factors of b.
3, 31
Suppose 5*k = 2*o + 6*k - 1742, 0 = -5*o + 4*k + 4329. Suppose 2*z = 3*z + 2*j - o, -2*z - 3*j = -1740. What are the prime factors of z?
3, 97
Let j(g) be the first derivative of 7*g**3 - 3*g - 27. List the prime factors of j(-3).
2, 3, 31
Let p = -149 - -331. Let q be p*(-18)/(-1)*(-1 + 2). List the prime factors of q/27 - (-4)/6.
2, 61
Let p = -10438 + 19327. List the prime factors of p.
3, 2963
Let a(w) = 3*w**2 - 8*w + 11. Let f = 867 + -859. What are the prime factors of a(f)?
139
Let c(m) = -3*m**2 - 2*m - 8. Let u(n) = n**3 - 17*n**2 - 18*n - 7. Let f be u(18). Let x be c(f). Let w = x - -210. What are the prime factors of w?
3, 23
Suppose 5*i + 6497 = 3*y, -3*y + 3*i + 4444 = -2063. Suppose -11*r + 1181 = -y. What are the prime factors of r?
5, 61
Let y(j) = 22*j**3 + 3*j**2 + j - 38. What are the prime factors of y(7)?
2, 3, 1277
Let v be (-3)/18 - 4/(-24). Suppose 4*d - 28 - 32 = v. List the prime factors of (2*-4)/((-5)/d).
2, 3
Let u be (8/4 + -4)*1202/(-4). Let k = u + -157. Suppose -12*h = -14*h + k. What are the prime factors of h?
2, 3, 37
Suppose 3*j = -2*h - 6, -2*h + 3 = j + 5. Let g(u) = -82*u**3 - u**2 - 3*u - 1. What are the prime factors of g(j)?
3, 73
Let a(x) be the first derivative of x**3 - 7*x**2 + 15*x - 28. Let y(r) be the first derivative of a(r). What are the prime factors of y(14)?
2, 5, 7
Let u = 241 + -320. List the prime factors of 24174/u*(0 + 1)/(-1).
2, 3, 17
Suppose 0 = 3*s - g - 15081, 0 = -2*s - 2*g + 5822 + 4240. What are the prime factors of -3*(5 + s/(-18) + -6)?
29
Let s be ((-65)/(-20) + -5)*-16. Suppose -25*p + s*p - 1236 = 0. What are the prime factors of p?
2, 103
Let w(u) = -10*u**3 - u**2 + 10*u + 45. List the prime factors of w(-10).
5, 11, 179
Let k(w) = 600*w**2 + 34*w - 67. List the prime factors of k(2).
7
Let i(v) = v + 12. Let a be i(-4). Let k be -1 - (a + -5 + -4). List the prime factors of (k + -1)/(-3 + (-728)/(-245)).
5, 7
Let w(l) = l**2 + l + 10. Let a be w(0). List the prime factors of -41*(-2*a - 2)/2.
11, 41
Let k(n) = 107*n + 2245. What are the prime factors of k(30)?
5, 1091
Let j(w) = 4*w + 2. Let z be j(1). Suppose 0 = 3*v + z, -3850 = -5*a + a - 5*v. What are the prime factors of a?
5, 193
Let t(r) = -21*r**3 - 4*r**2 + 2*r. Let m be t(-4). Let h = 1942 - m. List the prime factors of h.
2, 5, 67
Let i be (((-3)/12)/1)/((-9)/396). Suppose -i*l - 10*l = -26523. What are the prime factors of l?
3, 421
Let z = 2814 - 1700. Suppose -16*w + 2*n - 2240 = -18*w, 3*n - z = -w. List the prime factors of w.
1123
Let s be 1558/22 - (-36)/198. Let h = -32 + s. Let k = 99 + h. What are the prime factors of k?
2, 3, 23
Suppose -10*x + 10473 + 343717 = 0. What are the prime factors of x?
35419
Let i = -91 + 93. Suppose k - i - 1 = 0. Suppose 19 = -k*u + 91. List the prime factors of u.
2, 3
Let z be (9/45*0)/(2*-1). Suppose -4*p = 3*n + 162, -2*p + z*n = -2*n + 74. Let q = 10 - p. List the prime factors of q.
7
Let s(d) = -2*d**2 + 8*d + 10. Let w be s(-12). Let y = 630 + w. List the prime factors of y.
2
Suppose 0 = -41*z - 230094 + 636158. What are the prime factors of z?
2, 619
Let z be (2/(-4) - -1)/(4/(-168)). Let i = z - -150. List the prime factors of i - -10 - 1*4.
3, 5
What are the prime factors of (-47937)/(-12)*(56/(-16) - -3)*-8?
19, 29
Let w = -42757 - -78275. List the prime factors of w.
2, 7, 43, 59
Suppose -13*b + 92 + 90 = 0. Suppose l + b = 19. Suppose -2*d = -l*w - 7*d + 850, -3*w + 3*d = -510. What are the prime factors of w?
2, 5, 17
List the prime factors of 7629 - (8/(-12)*-9 + (0 - 12)).
3, 5, 509
Suppose 2*t - 3*t = 3. Let n be (-2)/t + -3 + 57/9. Suppose 0*b = -n*b + 312. List the prime factors of b.
2, 3, 13
Let f(o) be the first derivative of 36 + o + 0*o**2 + 53/3*o**3. What are the prime factors of f(-2)?
3, 71
Suppose -2*k = 2*g + 3*g - 830, 4*g - 664 = -4*k. Suppose -q + g - 1364 = -4*u, u = -5*q + 289. What are the prime factors of u?
13, 23
Let h(w) be the second derivative of w**4/4 + 8*w**3/3 + 55*w**2/2 + 3*w - 6. What are the prime factors of h(-9)?
2, 7, 11
Let y = -94 + 86. Let z(w) = -93*w + 8. What are the prime factors of z(y)?
2, 47
Let q(r) = -2*r - 1. Let g be q(-2). Let p(t) = -114 - 3*t**2 + 118 + 3*t - 6*t + 3*t + 9*t**3 - 4*t. List the prime factors of p(g).
2, 13
Let d = 1349 - -7148. List the prime factors of d.
29, 293
Let l(d) = 6*d**2 + 117*d + 668. Let x be l(-6). Suppose -3*b - 47 = 2*q + 73, -b = 2*q + 120. Let n = x + q. What are the prime factors of n?
2, 61
Let f(n) = n**3 + 8*n**2 - 7*n - 10. Let i(w) = -9*w - 19. Let t be i(-5). Suppose 0*h = 3*h + 6, -4*o - t = -h. What are the prime factors of f(o)?
2, 11
Let c(u) = -17*u - 32. Let f be c(20). Let h be (f/10)/((-21)/70). Suppose 2*y = -18 + h. What are the prime factors of y?
53
What are the prime factors of 12496/33*18/8 - -3?
3, 5, 19
Let c(b) = -86*b**3 + 2*b**2 - 1. Let l = -17 + 32. Let j be ((-10)/l)/((-6)/(-9)). List the prime factors of c(j).
3, 29
Let y(c) = -2*c**2 + 8*c + 13. Let j be y(5). Let q be (j/(-1))/(-1)*60/9. Let o(s) = -s**3 + 18*s**2 + 47*s + 21. What are the prime factors of o(q)?
7, 23
Let t be -2 - 0 - -106*2/4. Let g = t - -11. Suppose 4*u - g = 30. List the prime factors of u.
23
Let g = -34 + 51. Suppose 18*o - g*o + 320 = 0. Let h = -182 - o. List the prime factors of h.
2, 3, 23
Suppose -37*l = -33*l - 424. Suppose -85*m - 20790 = -l*m. List the prime factors of m.
2, 3, 5, 11
Suppose n + 571 = 2*a, 0 = 7*a - 2*a - n - 1429. What are the prime factors of 26364/a + 2/(-11)?
2, 23
Let q = 139 - 135. Let n(s) = 3*s**2 + 7*s - 12. What are the prime factors of n(q)?
2
Suppose -7*l = 2*f - 10*l + 12563, 0 = -f + 5*l - 6271. List the prime factors of f/(-4) + 2 + (-23)/46.
11, 13
Suppose 0 = 5*y - a - 33, -a - 23 = -4*y + 3. Suppose -y*f + 7793 + 1874 = 0. What are the prime factors of f?
1381
Let b(p) = -517*p + 421. What are the prime factors of b(-5)?
2, 3, 167
Let m(a) be the first derivative of 3*a**2 - 18*a - 60. What are the prime factors of m(11)?
2, 3
Let a = -16432 + 38324. What are the prime factors of a?
2, 13, 421
Let q be (4 + -1)/((-1)/579). Let c = -905 - q. List the prime factors of c.
2, 13
Let c(b) be the first derivative of -b**4/4 + 19*b**3/3 - 11*b**2/2 + 57*b - 93. List the prime factors of c(8).
673
Let f(s) = -3*s**2 + 5*s + 45. Suppose 8*b = 11*b + 18. Let z be f(b). Let w = 293 + z. List the prime factors of w.
2, 5
What are the prime factors of (-4302595)/(-121) + -4 + ((-798)/(-77) - 6)?
3, 439
Let f = -304 + 469. Let i = 250 - f. Suppose -r + 75 = 4*l, -263 = -2*r - l - i. What are the prime factors of r?
7, 13
Let l(s) = -s**3 - 2*s**2 + 4*s - 12. Suppose 5*g = 3*h + 125, 2*h + h - 29 = -2*g. Let p be g/(-6) - 20/15. List the prime factors of l(p).
43
Let s(y) = -y - 29. Let p be s(-34). Let g be 497 - (2/1)/(-2). Suppose -p*b = b - g. What are the prime factors of b?
83
Let f(l) = 1338*l**2 - l + 6. Let o(a) = -2*a**2 + 2*a - 1. Let m(b) = f(b) - o(b). List the prime factors of m(1).
2, 3, 7
Let i(u) be the third derivative of u**5/20 + u**4/6 + 2*u**3/3 + 6*u**2. Let j be i(-3). Suppose -114 + j = -5*o. List the prime factors of o.
19
Let q(b) be the third derivative of -11/12*b**4 + 10*b**2 - 1/120*b**6 + 7/2*b**3 - 3/10*b**5 + 0*b + 0. What are the prime factors of q(-17)?
2, 53
Let u = -5773 + 6757. What are the prime factors of u?
2, 3, 41
Suppose -37185 - 101775 = -30*q. Let h = q - 2662. What are the prime factors of h?
2, 5, 197
Suppose 2*f = -4*o - 20, -5*f - 6 = -5*o - 16. Let v(b) = 27*b**2 + 3 - 4 - 2*b + 0*b. What are the prime factors of v(f)?
3, 37
Let m = 528 - 507. List the prime factors of (372/m)/(10/35).
2, 31
Let m(r) = 190*r + 1035. List the prime factors of m(13).
5, 701
Let s(k) = 41*k**3 - 3*k**2 + 4*k - 20. What are the prime factors of s(4)?
2, 643
Let b(n) be the first derivative of -22 + 43 + 2*n - 78*n**2 - 21 - 17. List the prime factors of b(-1).
2, 79
Let d = 168 